0
Let i(b) = -3*b**3 + 3*b**2 + 2*b + 3. Let o be i(-2). Suppose p - 4 = -f + 2, 5*p = -4*f + o. What is the tens digit of p?
1
Let a = 118 + -62. What is the tens digit of a?
5
Suppose -298 = 4*q - 34. Let x be ((-1)/2)/(3/q). Suppose -x = -5*s - 1. What is the units digit of s?
2
Let i(s) be the second derivative of s**3/6 - 5*s**2/2 + 2*s. What is the units digit of i(6)?
1
Let w = -34 - -21. Let v = -10 - w. What is the units digit of v?
3
Let x = -69 - -117. What is the units digit of x?
8
Suppose 20 = 2*x + 10. What is the units digit of x?
5
Suppose 0*z = -z + 27. Suppose z = t + 4*i, -t = -0*t + 3*i - 24. What is the units digit of t?
5
Let n = 68 - 35. Let w be 0/3 + 2 + n. Suppose -4*v - 7 = -t, 5*t - v = v + w. What is the units digit of t?
7
Let w(l) = -l**3 + 14*l**2 + l + 9. What is the tens digit of w(14)?
2
Suppose 2*a - 60 = 2*y, 3*y + 3*a + 90 = a. Suppose 0 = 2*j - 2*w - 12, -11 = -j + 5*w + 11. What is the units digit of 1/((-3)/(j*y))?
0
Let q(m) = 45*m**2 - 7*m + 1. What is the tens digit of q(3)?
8
Suppose 4*k + 3*h = 256, k - 64 = -7*h + 5*h. What is the units digit of k?
4
Let i = -41 - -60. What is the tens digit of i?
1
Let v(r) = r**2 + 4*r - 1. Let o be v(-4). Let u(a) = 7*a**2 + 2*a + 1. Let y be u(o). What is the units digit of y*((-15)/(-6) + 0)?
5
Suppose 5*b - 148 = 272. What is the units digit of b?
4
Suppose 0 = 4*a + 3*w - 0*w - 9, -9 = a - 3*w. Suppose -3*r + 2*f + 100 = a, 85 = 2*r - 4*f - f. What is the units digit of r?
0
Let z(t) = 151*t**3 - 4*t**2 + 2*t + 1. What is the units digit of z(1)?
0
Let p = 6 + -6. Suppose p = -4*t + 5*b + 13, -t + b + 4 = -b. What is the units digit of t?
2
Let g(o) = -o. Let z(m) = -7. Let y(h) = -2*g(h) + z(h). Let n be y(5). Suppose -18 = n*r - 5*r. What is the units digit of r?
9
Suppose -15*j + 1450 = -380. What is the hundreds digit of j?
1
Suppose 5*d - 5*p + 0*p = 375, -d + 4*p + 81 = 0. Suppose o = 3*r - 0*o - 41, -5*r + d = 3*o. What is the tens digit of r?
1
Let b = 7 - 6. What is the units digit of b - (0 - (-1 + 2))?
2
Let b(m) = 51*m**2 - 1. Let p be b(-1). Suppose -5*x + 0*x = -p. What is the units digit of (3/3)/(2/x)?
5
Let v(b) = 12*b + 10. What is the units digit of v(3)?
6
Suppose 0*g + 110 = 5*g. What is the tens digit of g?
2
What is the tens digit of 60/18*21/2?
3
Let q = -5 - -13. Suppose q*n - 4*v - 112 = 3*n, -52 = -2*n + 4*v. What is the units digit of n?
0
Let g(h) = h**2 + 4*h - 3. Let s be g(-5). Suppose 0 = 5*y - s*j - 2*j - 9, 0 = 3*y - j - 4. What is the units digit of y?
1
Suppose 0 = 5*k - 4*g - 213, -2*g + 9 = g. What is the units digit of k?
5
Suppose -4*j + 124 = 4*f - 7*f, 0 = 4*f. Let g = -19 + j. What is the units digit of g?
2
Let d = -14 + 1. Let b = d - -25. What is the tens digit of b?
1
Let d(b) be the second derivative of b**5/20 - b**3/6 + b**2 + 3*b. Let h be d(-2). Let c(l) = -3*l - 1. What is the tens digit of c(h)?
1
Let n(k) = k**3 + 8*k**2 + 5*k - 6. Let i be n(-7). Let s = 12 - i. Suppose 0 = -s*g - 2*x + 54, 18 = 2*g - 2*x - 12. What is the tens digit of g?
1
Suppose 10*m = 1395 + 2265. What is the hundreds digit of m?
3
Let u = 128 - 57. What is the tens digit of u?
7
Let b = 3 - 1. Suppose -b*h = -5*f + 4 + 40, -4*h = -4*f + 40. What is the units digit of f?
8
Let m be -4*(-2 + 1)/2. Let x = m + 2. What is the units digit of x?
4
Let v be 84/9*9/6. What is the units digit of 21/v*(-116)/(-6)?
9
Let q = -47 + 81. What is the tens digit of q?
3
Let q(n) = 2*n + 7. Let w be q(-5). Let a be -2 - (w + 2 - 9). Let d = a + 1. What is the units digit of d?
9
Let f(i) = i**3 - 11*i**2 - i + 14. Let c be f(11). Suppose 2*p + 23 = c*p. What is the tens digit of p?
2
Let j = 5 + 0. Suppose -n + 162 = 2*n - 3*r, -20 = j*r. What is the tens digit of n?
5
Let p = 22 - -16. What is the units digit of p?
8
Let n(u) = -u + 8. Let g be n(6). Suppose g*s + 44 = 3*s. What is the units digit of s?
4
Let v(w) = -2*w - 4 + 0*w + 3 + 12*w**2 + 6*w. What is the tens digit of v(-2)?
3
Let v be (-21)/14*(-2)/(-3). What is the tens digit of (v/1)/(3/(-183))?
6
Let k(n) = -n**2 - n. Let o be k(1). What is the tens digit of ((-3)/9)/(o/78)?
1
Let q be -1*(2*-4 + 3). Suppose 2*b + 3*b = -3*g + 50, -q*b - 5*g = -40. What is the tens digit of b?
1
Let k(w) = -w**2 - w - 1. Let d(s) = s**3 + 5*s**2 + 4*s + 1. Let q(x) = d(x) - 2*k(x). Let g(n) = -2*n + 8. Let p be g(7). What is the units digit of q(p)?
3
Let n(i) = 0*i - i + 11*i**2 - 7*i**2 + 8*i**2. What is the units digit of n(1)?
1
Let k be (-135)/(-25) - 2/5. Let f = k + -6. What is the units digit of -2 + (-4 - f)/(-1)?
1
Let l(a) = 5*a**2 - a. What is the units digit of l(-2)?
2
Let j be 1*6/(-15)*-5. Suppose -j*m - 4*k = -28, k - 106 = -4*m + 3*k. What is the units digit of m?
4
Let o be (-3)/(-9)*-3 - -19. Let b = -6 - -2. Let g = b + o. What is the units digit of g?
4
Let a = -33 + 55. What is the tens digit of a?
2
Let j(m) = 4*m**2 + 4*m. What is the units digit of j(3)?
8
Suppose -2*o - 2 = -o + 5*g, -3*o = 3*g - 6. What is the units digit of 1*6/2*o?
9
Let y(n) = -n**3 + 4*n**2 + 6*n + 3. Let w be (16/(-12))/((-2)/18). Let b = -7 + w. What is the units digit of y(b)?
8
Let b(a) = a**3 + a. Let y be b(-2). What is the units digit of 4/y + (-67)/(-5)?
3
Suppose -4*s + 20 = 0, -3*n + 0*n + 16 = 2*s. Let a = 1 + n. Suppose a*v - 10 - 9 = -5*k, v + 2*k = 6. What is the units digit of v?
8
Let t(m) = m**3 + 11*m**2 + 11*m + 7. Let z be t(-10). Let u = -1 - z. Suppose h = 5 + u. What is the units digit of h?
7
Suppose 5*k - 4*l - 140 = -2*l, k - 11 = -3*l. What is the units digit of k?
6
Let l = 5 - 2. Suppose 0 = -c + l*x + 24, -x = -0*c + 4*c - 44. What is the units digit of c?
2
Suppose -3*u - 6 = 4*b - 17, 0 = -2*u - 5*b + 5. Suppose u*h = h. Suppose -2*m = -h*m - 8. What is the units digit of m?
4
Suppose 3*l = -2*y - 14, y + 6*l = l. Let m = y + 15. What is the units digit of m?
5
Let b(i) = -1 - 2 + 2*i + 4*i - 4. What is the units digit of b(5)?
3
Suppose 3*d = 6*d - 6. Suppose -2*v - d = -0. Let c = 1 - v. What is the units digit of c?
2
Let h(t) be the second derivative of -t**5/20 - 7*t**4/12 + t**3/6 + 5*t**2 - 3*t. Let y(f) = -f - 4. Let c be y(3). What is the units digit of h(c)?
3
Let m(u) be the first derivative of -u**4/4 - 3*u**3 + 6*u + 4. Let w be m(-9). Suppose w*n = 7*n - 11. What is the tens digit of n?
1
What is the units digit of 4*19/((-14)/(-4) + -3)?
2
Suppose 11 + 14 = 5*r. Let s(u) = -u + 1. Let o be s(-20). Suppose -r*q = -51 + o. What is the units digit of q?
6
Let g be ((-1)/(-1))/(2/6). Suppose 3*h - 3 = g. Let o = h + 5. What is the units digit of o?
7
Suppose 3*c = -15, -3*t - 3*c + 21 = -0*t. Let h = -7 + t. Suppose 0 = -3*s + h + 1. What is the units digit of s?
2
Let s(j) = -j**2 - 2 + 0 + 0 - 3*j + 8*j. What is the units digit of s(3)?
4
Let c(s) = -s**2 + 7*s + 10. Let r be c(8). Suppose 0*m - 5*m = -r*n - 178, -105 = -3*m + 3*n. What is the units digit of m?
6
Suppose 0 = -4*r + 73 + 67. What is the tens digit of r?
3
Let r(o) = 2*o**3 - 17*o**2 + 10*o - 10. What is the units digit of r(8)?
6
Let l be 22 - (-1 - 0/(-3)). Suppose 0 = -4*h - 3*v - l, -3*h + 5*v - 6 = 4. Let u(i) = i**2 + 4*i - 3. What is the units digit of u(h)?
2
Let d = -5 + 16. What is the units digit of d?
1
Let x = 25 - 35. Let d = -7 - x. Suppose -5*v + m + 64 - 21 = 0, 0 = -v + d*m + 17. What is the units digit of v?
8
Let k = 59 - 21. What is the units digit of k?
8
Let u(t) = -t**2 + 4*t + 8. What is the units digit of u(0)?
8
Suppose -78 + 6 = -3*z. What is the units digit of z?
4
Let q = -64 + 94. What is the units digit of q?
0
Let t(o) = -o**2 + 5. Let z be t(4). Let k be z/(-2) - (-3)/(-6). Suppose 3*m - 5*m - 3*f = -36, -4*f + 90 = k*m. What is the units digit of m?
8
Let i = -15 + 26. What is the units digit of i?
1
Let p = -7 - -6. Let b(h) = 34*h**2 - h - 1. What is the tens digit of b(p)?
3
Let n = -14 - -16. Let m be (1 + 1)*3/2. Suppose m*w - 14 = -n. What is the units digit of w?
4
Let m be 3 - (3 - 32/1). Suppose -5*x + 3*r + m = 2, 5*r + 20 = 5*x. What is the units digit of x?
9
Suppose 0 = -3*a + 15 - 3. What is the units digit of a/2 - (2 - 6)?
6
Let i(m) = -m + 8. Let a(s) = -8. Let z(t) = -3*a(t) - 2*i(t). Let v be z(-6). What is the units digit of (v/6)/